{"id":2654,"date":"2021-06-13T17:22:03","date_gmt":"2021-06-13T16:22:03","guid":{"rendered":"https:\/\/aspanide.org\/index.php\/mesmerize\/"},"modified":"2024-09-10T11:12:07","modified_gmt":"2024-09-10T10:12:07","slug":"fundacion-aspanide","status":"publish","type":"page","link":"https:\/\/aspanide.org\/index.php\/","title":{"rendered":"FUNDACI\u00d3"},"content":{"rendered":"<div  class=\"wp-block-columns\">\n<div  class=\"wp-block-column has-background\" style=\"background-color: #eefaff; flex-basis: 25%;\"><\/div>\n<\/div><div  data-label=\"Content\" data-id=\"content--2\" data-export-id=\"content-2\" data-category=\"content\" class=\"content-2 content-section content-section-spacing content-relative\" id=\"content-1\" style=\"background-color: rgb(255, 255, 255); background-image: none;\"><div > <div  class=\"row middle-xs\"><div  class=\"col-sm-5 bg-image shadow-large-black\" data-bg=\"image\" style=\"background-image: url(&quot;http:\/\/aspanide.org\/wp-content\/uploads\/2021\/12\/cropped-slider-2.jpg&quot;);\"><\/div> <div  class=\"col-sm-7 full-col-left-padding full-col-right-padding\"> <div  class=\"row\"> <div  data-type=\"column\" class=\"space-bottom-small content-title-col\">  <h2  class=\"\"><font  style=\"vertical-align: inherit;\"><font  style=\"vertical-align: inherit;\">La Fundaci\u00f3 Aspanide<\/font><\/font><\/h2> <p  class=\"\">La Fundaci\u00f3 ASPANIDE \u00e9s una entitat privada sense \u00e0nim de lucre que gestiona serveis dirigits a fomentar l\u2019assist\u00e8ncia, recuperaci\u00f3 i ensenyament dels nens i adults amb discapacitat intel\u00b7lectual, mitjan\u00e7ant la creaci\u00f3 d\u2019escoles, tallers, resid\u00e8ncies, centres de rehabilitaci\u00f3, i altres serveis necessaris per a aconseguir tal fi.<br >\nLa Fundaci\u00f3 procedeix de la creaci\u00f3 de l\u2019associaci\u00f3 ASPANIDE en 1969, duta a terme pels propis pares, familiars i amics de les persones amb discapacitat intel\u00b7lectual. Aquesta iniciativa va ser motivada per una realitat pr\u00f2xima, que un dia darrere d\u2019un altre ja nivell individual, els feia pensar que \u00abaix\u00f2 que estic vivint a la meva casa ho han d\u2019estar vivint altres fam\u00edlies\u00bb. Aquest pensament i sofriment com\u00fa els va portar a unir-se per a reclamar un lloc digne en la societat per als seus fills.<br >\nD\u2019aquesta manera, en 1969 un grup de pares amb fills amb discapacitat intel\u00b7lectual de Santa Coloma va comen\u00e7ar a treballar amb el prop\u00f2sit de posar en marxa el problema de la defici\u00e8ncia mental i buscar solucions per als nens i joves afectats. En 1970 naixia Aspanide com a entitat sense \u00e0nim de lucre.<br >\nLa Fundaci\u00f3 ASPANIDE disposa del segell de qualitat UNE-EN-ISO 9001:15 que acredita la qualitat del seu Sistema de Gesti\u00f3.<\/p><\/div> <\/div> <div  class=\"row spaced-cols \" data-type=\"row\"> <div  class=\"col-xs-6 col-md-12\" data-type=\"column\">  <a  data-cp-link=\"1\" href=\"#\" class=\"\"><img  decoding=\"async\" class=\"custom-image\" src=\"http:\/\/aspanide.org\/wp-content\/uploads\/2021\/06\/cropped-cropped-cropped-cropped-descarga.jpg\" title=\"cropped-cropped-cropped-cropped-descarga.jpg\" alt=\"\"><\/a><\/div>    <\/div><\/div> <\/div><\/div> <div  class=\"section-separator-bottom\">\n    <svg  xmlns=\"http:\/\/www.w3.org\/2000\/svg\" preserveAspectRatio=\"none\" viewBox=\"0 0 1000 100\" data-separator-name=\"tilt-flipped\" class=\"section-separator-bottom\">\n  <path  id=\"path2\" d=\"M 1000,0 H 0 v 100 z\" class=\"svg-white-bg\"><\/path>\n<\/svg>\n<\/div><\/div><div  id=\"fotos\" class=\"gallery-2 content-section content-section-spacing content-relative\" style=\"background-color: #f5fafd;\" data-label=\"Fotos\" data-id=\"gallery--1\" data-export-id=\"gallery-2\" data-category=\"gallery\">\n<div  class=\"\">\n<div  class=\"row\">\n<div  class=\"col-xs-12 full-no-padding\" data-editable=\"true\" data-content-shortcode=\"mesmerize_gallery id=&quot;mesmerize-gallery-2&quot; columns=&quot;3&quot; ids=&quot;3354,3356,3351&quot; lb=&quot;1&quot; masonry=&quot;0&quot; size=&quot;large&quot; link=&quot;file&quot; \"><div id='mesmerize-gallery-2' class='gallery-wrapper'><style type=\"text\/css\">\n                    @media only screen and (min-width: 768px) {\n                    [data-unique-id='mesmerize-gallery-2-69d05edf03e99'] dl {\n                        float: left;\n                        width: 33.333333333333% !important;\n                        max-width:  33.333333333333% !important;\n                        min-width:  33.333333333333% !important;\n                    }\n\n                    [data-unique-id='mesmerize-gallery-2-69d05edf03e99'] dl:nth-of-type(3n +1 ) {\n                      clear: both;\n                      }\n                    }\n                <\/style><div id='mesmerize-gallery-2' class='mesmerize-gallery-2-dls-wrapper gallery-items-wrapper materialis-gallery' data-unique-id='mesmerize-gallery-2-69d05edf03e99'><dl class='gallery-item'>\n\t\t\t<dt class='gallery-icon landscape'>\n\t\t\t\t<a data-fancybox=\"mesmerize-gallery-2-group\" href='https:\/\/aspanide.org\/wp-content\/uploads\/2022\/02\/P2210041-scaled.jpg'><img loading=\"lazy\" decoding=\"async\"  width=\"1024\" height=\"768\" src=\"https:\/\/aspanide.org\/wp-content\/uploads\/2022\/02\/P2210041-1024x768.jpg\"  class='mesmerize-gallery-2-image' alt=\"\" srcset=\"https:\/\/aspanide.org\/wp-content\/uploads\/2022\/02\/P2210041-1024x768.jpg 1024w, https:\/\/aspanide.org\/wp-content\/uploads\/2022\/02\/P2210041-300x225.jpg 300w, https:\/\/aspanide.org\/wp-content\/uploads\/2022\/02\/P2210041-768x576.jpg 768w, https:\/\/aspanide.org\/wp-content\/uploads\/2022\/02\/P2210041-1536x1152.jpg 1536w, https:\/\/aspanide.org\/wp-content\/uploads\/2022\/02\/P2210041-2048x1536.jpg 2048w, https:\/\/aspanide.org\/wp-content\/uploads\/2022\/02\/P2210041-1440x1080.jpg 1440w\" sizes=\"(max-width: 1024px) 100vw, 1024px\" \/><\/a>\n\t\t\t<\/dt><\/dl><dl class='gallery-item'>\n\t\t\t<dt class='gallery-icon landscape'>\n\t\t\t\t<a data-fancybox=\"mesmerize-gallery-2-group\" href='https:\/\/aspanide.org\/wp-content\/uploads\/2022\/02\/P2210063-scaled.jpg'><img loading=\"lazy\" decoding=\"async\"  width=\"1024\" height=\"768\" src=\"https:\/\/aspanide.org\/wp-content\/uploads\/2022\/02\/P2210063-1024x768.jpg\"  class='mesmerize-gallery-2-image' alt=\"\" srcset=\"https:\/\/aspanide.org\/wp-content\/uploads\/2022\/02\/P2210063-1024x768.jpg 1024w, https:\/\/aspanide.org\/wp-content\/uploads\/2022\/02\/P2210063-300x225.jpg 300w, https:\/\/aspanide.org\/wp-content\/uploads\/2022\/02\/P2210063-768x576.jpg 768w, https:\/\/aspanide.org\/wp-content\/uploads\/2022\/02\/P2210063-1536x1152.jpg 1536w, https:\/\/aspanide.org\/wp-content\/uploads\/2022\/02\/P2210063-2048x1536.jpg 2048w, https:\/\/aspanide.org\/wp-content\/uploads\/2022\/02\/P2210063-1440x1080.jpg 1440w\" sizes=\"(max-width: 1024px) 100vw, 1024px\" \/><\/a>\n\t\t\t<\/dt><\/dl><dl class='gallery-item'>\n\t\t\t<dt class='gallery-icon landscape'>\n\t\t\t\t<a data-fancybox=\"mesmerize-gallery-2-group\" href='https:\/\/aspanide.org\/wp-content\/uploads\/2022\/02\/P2210030-scaled.jpg'><img loading=\"lazy\" decoding=\"async\"  width=\"1024\" height=\"768\" src=\"https:\/\/aspanide.org\/wp-content\/uploads\/2022\/02\/P2210030-1024x768.jpg\"  class='mesmerize-gallery-2-image' alt=\"\" srcset=\"https:\/\/aspanide.org\/wp-content\/uploads\/2022\/02\/P2210030-1024x768.jpg 1024w, https:\/\/aspanide.org\/wp-content\/uploads\/2022\/02\/P2210030-300x225.jpg 300w, https:\/\/aspanide.org\/wp-content\/uploads\/2022\/02\/P2210030-768x576.jpg 768w, https:\/\/aspanide.org\/wp-content\/uploads\/2022\/02\/P2210030-1536x1152.jpg 1536w, https:\/\/aspanide.org\/wp-content\/uploads\/2022\/02\/P2210030-2048x1536.jpg 2048w, https:\/\/aspanide.org\/wp-content\/uploads\/2022\/02\/P2210030-1440x1080.jpg 1440w\" sizes=\"(max-width: 1024px) 100vw, 1024px\" \/><\/a>\n\t\t\t<\/dt><\/dl>\n\t\t<\/div>\n<script>(function($){window.MaterialisCaptionsGallery && window.MaterialisCaptionsGallery($('[data-unique-id=\"mesmerize-gallery-2-69d05edf03e99\"]'))})(jQuery)<\/script><\/div><\/div>\n<\/div>\n<\/div>\n<\/div><div  data-label=\"Overlappable\" data-id=\"overlappable--3\" data-export-id=\"overlappable-1\" data-category=\"overlappable\" class=\"overlappable-1 content-section content-section-spacing content-relative\" data-overlap=\"true\" id=\"overlappable-2\" style=\"background-color: rgb(255, 255, 255); background-image: none;\"><div  class=\"section-separator-top\">\n    <svg  xmlns=\"http:\/\/www.w3.org\/2000\/svg\" viewBox=\"0 0 1000 100\" preserveAspectRatio=\"none\" data-separator-name=\"tilt\" class=\"section-separator-top\">\n\t<path  class=\"svg-white-bg\" d=\"M-0 0L1000 0 1000 100z\"><\/path>\n<\/svg>\n<\/div><div  class=\"gridContainer\"> <div  data-type=\"row\" class=\"row shadow-medium start-sm\"><div  data-type=\"column\" class=\"col-xs-12 col-sm-4 flexcol col-padding col-padding-small-xs inverted bg-color39\"><i  class=\"fa icon white fa-calendar color-white\"><\/i> <h5  class=\"inverted\"><font  style=\"vertical-align: inherit;\"><font  style=\"vertical-align: inherit;\" class=\"\">VISI\u00d3<\/font><\/font><\/h5> <p  class=\"\"><font  style=\"vertical-align: inherit;\"><font  style=\"vertical-align: inherit;\" class=\"\">La Fundaci\u00f3 ASPANIDE vol oferir uns serveis amb un m\u00e0xim de qualitat possible, efica\u00e7 i amb garantia d\u2019\u00e8xit, ja que el nostre entorn necessita organitzacions competents i compromeses amb la millora cont\u00ednua. \u00c9s per aix\u00f2 que assumeix la responsabilitat de definir, implantar i mantenir una pol\u00edtica de qualitat adequada a les necessitats i expectatives dels nostres usuaris i les seves fam\u00edlies.<\/font><\/font><\/p> <\/div><div  data-type=\"column\" class=\"col-xs-12 col-sm-4 flexcol col-padding col-padding-small-xs bg-color-white\"> <i  class=\"fa icon fa-child color-black\"><\/i> <h5  class=\"\"><font  style=\"vertical-align: inherit;\"><font  style=\"vertical-align: inherit;\" class=\"\">MISSI\u00d3<\/font><\/font><\/h5> <p  class=\"\"><font  style=\"vertical-align: inherit;\"><font  style=\"vertical-align: inherit;\" class=\"\">La Fundaci\u00f3 ASPANIDE \u00e9s una entitat privada sense afany de lucre que gestiona serveis dirigits a fomentar l\u2019assist\u00e8ncia, recuperaci\u00f3 i ensenyament dels nens amb trastorns de desenvolupament i dels adults amb discapacitat intel\u00b7lectual, mitjan\u00e7ant la creaci\u00f3 d\u2019escoles, tallers, resid\u00e8ncies, centres d\u2019atenci\u00f3 preco\u00e7, i altres serveis necessaris per a aconseguir aquesta finalitat.<\/font><\/font><\/p> <\/div>  <div  data-type=\"column\" class=\"col-xs-12 col-sm-4 flexcol bg-color6 col-padding col-padding-small-xs inverted bg-color41\"><i  class=\"fa icon color3 fa-slideshare color-white\"><\/i> <h5  class=\"inverted\"><font  style=\"vertical-align: inherit;\"><font  style=\"vertical-align: inherit;\" class=\"\">VALORS<\/font><\/font><\/h5> <p  class=\"\"><font  style=\"vertical-align: inherit;\"><font  style=\"vertical-align: inherit;\" class=\"\">L\u2019esfor\u00e7 de La Fundaci\u00f3 ASPANIDE per a la qualitat, \u00e9s recolza en un s\u00f2lid equip hum\u00e0 que ha resp\u00f2s amb entusiasme quan ha calgut evolucionar. Aquest equip hum\u00e0 \u00e9s el capital m\u00e9s valu\u00f3s i preuat de Fundaci\u00f3 ASPANIDE, ja que s\u00f3n la for\u00e7a i el motor que ens ha de permetre assumir nous i constants reptes.<\/font><\/font><\/p> <\/div> <\/div><\/div> <div  class=\"section-separator-bottom\">\n    <svg  xmlns=\"http:\/\/www.w3.org\/2000\/svg\" viewBox=\"0 0 1000 100\" preserveAspectRatio=\"none\" data-separator-name=\"mountains\" class=\"section-separator-bottom\">\n\t<path  class=\"svg-white-bg\" opacity=\"0.33\" d=\"M473,67.3c-203.9,88.3-263.1-34-320.3,0C66,119.1,0,59.7,0,59.7V0h1000v59.7 c0,0-62.1,26.1-94.9,29.3c-32.8,3.3-62.8-12.3-75.8-22.1C806,49.6,745.3,8.7,694.9,4.7S492.4,59,473,67.3z\"><\/path>\n\t<path  class=\"svg-white-bg\" opacity=\"0.66\" d=\"M734,67.3c-45.5,0-77.2-23.2-129.1-39.1c-28.6-8.7-150.3-10.1-254,39.1 s-91.7-34.4-149.2,0C115.7,118.3,0,39.8,0,39.8V0h1000v36.5c0,0-28.2-18.5-92.1-18.5C810.2,18.1,775.7,67.3,734,67.3z\"><\/path>\n\t<path  class=\"svg-white-bg\" d=\"M766.1,28.9c-200-57.5-266,65.5-395.1,19.5C242,1.8,242,5.4,184.8,20.6C128,35.8,132.3,44.9,89.9,52.5C28.6,63.7,0,0,0,0 h1000c0,0-9.9,40.9-83.6,48.1S829.6,47,766.1,28.9z\"><\/path>\n<\/svg>\n<\/div><\/div><div  data-label=\"Features\" data-id=\"features--4\" data-export-id=\"features-13-card-bordered-colored\" data-category=\"features\" class=\"features-13 content-section content-section-spacing content-relative\" id=\"features-2\" style=\"background-color: rgb(255, 255, 255);\"><div  class=\"section-separator-top\">\n    <svg  class=\"section-separator-top\" data-separator-name=\"triangle-asymmetrical-negative\" preserveAspectRatio=\"none\" viewBox=\"0 0 1000 100\" xmlns=\"http:\/\/www.w3.org\/2000\/svg\">\n        <path  class=\"svg-white-bg\" d=\"M737.9,94.7L0,0v100h1000V0L737.9,94.7z\"><\/path>\n    <\/svg>\n<\/div><div  class=\"gridContainer\"> <div  class=\"row text-center\"><div  class=\"section-title-col\" data-type=\"column\"> <h2  class=\"\">ELS NOSTRES SERVEIS<\/h2> <\/div> <\/div> <div  class=\"row spaced-cols\" data-type=\"row\"> <div  class=\"col xs-12 col-sm-3\"> <div  class=\"card bottom-border-color38\" data-type=\"column\"> <i  class=\"fa icon fa-building-o bordered round big color38\"><\/i> <h4  class=\"\"><font  style=\"vertical-align: inherit;\"><font  style=\"vertical-align: inherit;\">Resid\u00e8ncia<\/font><\/font><\/h4> <p  class=\"\"><font  style=\"vertical-align: inherit;\"><font  style=\"vertical-align: inherit;\" class=\"\">La resid\u00e8ncia \u00e9s un servei d\u2019acolliment residencial amb car\u00e0cter permanent o temporal, que t\u00e9 una funci\u00f3 substitut\u00f2ria de la llar, adequat per a acollir a persones amb discapacitat intel\u00b7lectual amb una necessitat de suport generalitzat o extens amb possible trastorn de conducta associat<\/font><\/font><\/p> <a class=\"button y-move small color38\" href=\"https:\/\/aspanide.org\/fundacio\/serveis\/residencia\" target=\"_self\" data-cp-link=\"1\" data-icon=\"fa-arrows-alt\" rel=\"noopener\">coneix m\u00e9s<\/a><\/div> <\/div> <div  class=\"col xs-12 col-sm-3\"> <div  class=\"card bottom-border-color38\" data-type=\"column\"> <i  class=\"fa icon fa-building bordered round big color38\"><\/i> <h4  class=\"\"><font  style=\"vertical-align: inherit;\"><font  style=\"vertical-align: inherit;\">Llars residencies<\/font><\/font><\/h4> <p  class=\"\"><font  style=\"vertical-align: inherit;\"><font  style=\"vertical-align: inherit;\">Les llars residencia s\u00f3n equipaments d\u2019acolliment residencial, de car\u00e0cter temporal o permanent, dirigits a persones amb un grau de discapacitat intel\u00b7lectual igual o superior al 33% que necessiten la provisi\u00f3 d\u2019un servei substitutori de la llar per ser impossible o desaconsellable viure en la pr\u00f2pia llar.<\/font><\/font><\/p> <a class=\"button y-move small color38\" href=\"https:\/\/aspanide.org\/fundacio\/serveis\/llar-residencia\" target=\"_self\" data-cp-link=\"1\" data-icon=\"fa-arrows-alt\" rel=\"noopener\">coneix m\u00e9s<\/a><\/div> <\/div> <div  class=\"col xs-12 col-sm-3\"> <div  class=\"card bottom-border-color38\" data-type=\"column\"> <i  class=\"fa icon fa-building-o bordered round big color38\"><\/i> <h4  class=\"\"><font  style=\"vertical-align: inherit;\"><font  style=\"vertical-align: inherit;\">CAE<\/font><\/font><\/h4> <p  class=\"\"><font  style=\"vertical-align: inherit;\"><font  style=\"vertical-align: inherit;\">El centre d\u2019atenci\u00f3 especialitzada \u00e9s un servei di\u00fcrn per a persones amb disminuci\u00f3 ps\u00edquica i\/o f\u00edsica profunda i\/o severa que posseeixen una gran manca d\u2019independ\u00e8ncia personal i una atenci\u00f3 assistencial permanent.<\/font><\/font><\/p> <a class=\"button y-move small color38\" href=\"https:\/\/aspanide.org\/fundacio\/serveis\/c-a-e\" target=\"_self\" data-cp-link=\"1\" data-icon=\"fa-arrows-alt\" rel=\"noopener\">coneix m\u00e9s<\/a><\/div> <\/div> <div  class=\"col xs-12 col-sm-3\"> <div  class=\"card bottom-border-color38\" data-type=\"column\"> <i  class=\"fa icon fa-building bordered round big color38\"><\/i> <h4  class=\"\"><font  style=\"vertical-align: inherit;\"><font  style=\"vertical-align: inherit;\">CDIAP<\/font><\/font><\/h4> <p  class=\"\"><font  style=\"vertical-align: inherit;\"><font  style=\"vertical-align: inherit;\">El CDIAP t\u00e9 com a \u00fanica activitat la prestaci\u00f3 dels serveis i la realitzaci\u00f3 de les funcions pr\u00f2pies d\u2019un servei d\u2019atenci\u00f3 preco\u00e7. L\u2019atenci\u00f3 preco\u00e7 va destinada a atendre els nens que presenten dificultats i\/o trastorns en el seu desenvolupament o es troben en risc de partir d\u2019ells, amb independ\u00e8ncia de quin sigui la causa d\u2019aquest trastorn, des de la concepci\u00f3 i, com m\u00e0xim fins que compleixin els 6 anys.<\/font><\/font><\/p> <a class=\"button y-move small color38\" href=\"https:\/\/aspanide.org\/fundacio\/serveis\/c-d-i-a-p\" target=\"_self\" data-cp-link=\"1\" data-icon=\"fa-arrows-alt\" rel=\"noopener\">coneix m\u00e9s<\/a><\/div> <\/div><\/div> <\/div><\/div><div  data-label=\"Latest-news\" data-id=\"latest_news--2\" data-export-id=\"blog-section\" data-category=\"latest_news\" class=\"blog-section blog-section-standard content-section content-section-spacing content-relative\" id=\"latest_news-2\" style=\"background-color: rgb(255, 255, 255); background-image: none;\"><div  class=\"gridContainer\"> <div  class=\"row\"><div  data-type=\"column\" class=\"section-title-col\"> <h2  class=\"\"><font  style=\"vertical-align: inherit;\"><font  style=\"vertical-align: inherit;\">\u00daLTIMAS NOTICIAS<\/font><\/font><\/h2> <\/div> <\/div> <div  class=\"row\"> <div  data-type=\"row\" data-dynamic-columns=\"handled\" data-content-shortcode=\"mesmerize_latest_news\">\t\t<div class=\"row center-sm content-left-sm\">\n\t\t\t\t\t<div id=\"post-4482\" class=\"col-sm-6 col-md-4 space-bottom space-bottom-xs\">\n\t\t\t\t<div class=\"post-content card y-move bordered\">\n\t\t\t\t\t<div class=\"post-thumbnail\">\n   <a href=\"https:\/\/aspanide.org\/index.php\/projectes-fundacio-aspanide-2025-26\/\" class=\"post-list-item-thumb \">\n      \n            <svg class=\"mesmerize-post-list-item-thumb-placeholder\" width=\"890\" height=\"580\" viewBox=\"0 0 890 580\"\n         preserveAspectRatio=\"none\">\n         <rect width=\"890\" height=\"580\" style=\"fill:#2D7E4C;\"><\/rect>\n      <\/svg>\n               <\/a>\n<\/div>\n\t\t\t\t\t<div class=\"col-padding col-padding-xs\">\n\t\t\t\t\t\t<h3 class=\"post-title space-bottom-small\">\n\t\t\t\t\t\t\t<a href=\"https:\/\/aspanide.org\/index.php\/projectes-fundacio-aspanide-2025-26\/\" rel=\"bookmark\">\n\t\t\t\t\t\t\t\tProjectes Fundaci\u00f3 Aspanide 2025\t\t\t\t\t\t\t<\/a>\n\t\t\t\t\t\t<\/h3>\n\t\t\t\t\t\t\t\t\t\t\t\t<a class=\"read-more link\" href=\"https:\/\/aspanide.org\/index.php\/projectes-fundacio-aspanide-2025-26\/\">\n\t\t\t\t\t\t\tRead more\t\t\t\t\t\t<\/a>\n\t\t\t\t\t<\/div>\n\t\t\t\t<\/div>\n\t\t\t<\/div>\n\t\t\t\t\t\t<div id=\"post-4473\" class=\"col-sm-6 col-md-4 space-bottom space-bottom-xs\">\n\t\t\t\t<div class=\"post-content card y-move bordered\">\n\t\t\t\t\t<div class=\"post-thumbnail\">\n   <a href=\"https:\/\/aspanide.org\/index.php\/projectes-fundacio-aspanide-2025\/\" class=\"post-list-item-thumb \">\n      <img loading=\"lazy\" decoding=\"async\" width=\"1024\" height=\"1449\" src=\"https:\/\/aspanide.org\/wp-content\/uploads\/2025\/09\/ENVELLIR-A-CASA-MEVA-pdf.jpg\" class=\"attachment-post-thumbnail size-post-thumbnail wp-post-image\" alt=\"\" \/>   <\/a>\n<\/div>\n\t\t\t\t\t<div class=\"col-padding col-padding-xs\">\n\t\t\t\t\t\t<h3 class=\"post-title space-bottom-small\">\n\t\t\t\t\t\t\t<a href=\"https:\/\/aspanide.org\/index.php\/projectes-fundacio-aspanide-2025\/\" rel=\"bookmark\">\n\t\t\t\t\t\t\t\tPROJECTES FUNDACI\u00d3 ASPANIDE 2025\t\t\t\t\t\t\t<\/a>\n\t\t\t\t\t\t<\/h3>\n\t\t\t\t\t\t\t\t\t\t\t\t<a class=\"read-more link\" href=\"https:\/\/aspanide.org\/index.php\/projectes-fundacio-aspanide-2025\/\">\n\t\t\t\t\t\t\tRead more\t\t\t\t\t\t<\/a>\n\t\t\t\t\t<\/div>\n\t\t\t\t<\/div>\n\t\t\t<\/div>\n\t\t\t\t\t\t<div id=\"post-4464\" class=\"col-sm-6 col-md-4 space-bottom space-bottom-xs\">\n\t\t\t\t<div class=\"post-content card y-move bordered\">\n\t\t\t\t\t<div class=\"post-thumbnail\">\n   <a href=\"https:\/\/aspanide.org\/index.php\/projectes-fundacio-aspanide-2024-2025\/\" class=\"post-list-item-thumb \">\n      \n            <svg class=\"mesmerize-post-list-item-thumb-placeholder\" width=\"890\" height=\"580\" viewBox=\"0 0 890 580\"\n         preserveAspectRatio=\"none\">\n         <rect width=\"890\" height=\"580\" style=\"fill:#2D7E4C;\"><\/rect>\n      <\/svg>\n               <\/a>\n<\/div>\n\t\t\t\t\t<div class=\"col-padding col-padding-xs\">\n\t\t\t\t\t\t<h3 class=\"post-title space-bottom-small\">\n\t\t\t\t\t\t\t<a href=\"https:\/\/aspanide.org\/index.php\/projectes-fundacio-aspanide-2024-2025\/\" rel=\"bookmark\">\n\t\t\t\t\t\t\t\tProjectes Fundaci\u00f3 ASPANIDE 2024-2025\t\t\t\t\t\t\t<\/a>\n\t\t\t\t\t\t<\/h3>\n\t\t\t\t\t\t\t\t\t\t\t\t<a class=\"read-more link\" href=\"https:\/\/aspanide.org\/index.php\/projectes-fundacio-aspanide-2024-2025\/\">\n\t\t\t\t\t\t\tRead more\t\t\t\t\t\t<\/a>\n\t\t\t\t\t<\/div>\n\t\t\t\t<\/div>\n\t\t\t<\/div>\n\t\t\t\t<\/div>\n\t<\/div><\/div> <div  class=\"row\"><div  class=\"text-center\"> <a  class=\"button color38\" data-attr-shortcode=\"href:mesmerize_blog_link\" href=\"https:\/\/aspanide.org\/index.php\/blog\/\" data-icon=\"fa-arrows-alt\"><span  class=\"button-icon fa fa-arrows-alt\"><\/span><\/a><\/div> <\/div><\/div><div  class=\"section-separator-bottom\">\n    <svg  class=\"section-separator-bottom\" data-separator-name=\"triangle-asymmetrical-negative\" preserveAspectRatio=\"none\" viewBox=\"0 0 1000 100\" xmlns=\"http:\/\/www.w3.org\/2000\/svg\">\n        <path  class=\"svg-white-bg\" d=\"M737.9,94.7L0,0v100h1000V0L737.9,94.7z\"><\/path>\n    <\/svg>\n<\/div><\/div><div  data-label=\"Cta\" data-id=\"cta--1\" data-export-id=\"cta-blue-section\" data-category=\"cta\" class=\"cta-blue-section content-section content-section-spacing-medium bg-color1 white-text content-relative\" id=\"cta-1\" style=\"background-image: none; background-color: rgb(45, 126, 76);\"><div  class=\"section-separator-top\">\n    <svg  xmlns=\"http:\/\/www.w3.org\/2000\/svg\" viewBox=\"0 0 1000 100\" preserveAspectRatio=\"none\" data-separator-name=\"curve-negative\" class=\"section-separator-top\">\n\t<path  class=\"svg-white-bg\" d=\"M500,97C126.7,96.3,0.8,19.8,0,0v100l1000,0V1C1000,19.4,873.3,97.8,500,97z\"><\/path>\n<\/svg>\n<\/div><div  class=\"gridContainer\"> <div  class=\"row middle-xs\"><div  class=\"col-sm-8 space-bottom-xs\" data-type=\"column\"> <h2  class=\"\"><font  style=\"vertical-align: inherit;\"><font  style=\"vertical-align: inherit;\">SOL\u00b7LICITA M\u00c9S INFORMACI\u00d3<\/font><\/font><\/h2> <\/div> <div  class=\"col-sm-4 end-sm\" data-type=\"column\"> <a class=\"button color-white\" href=\"https:\/\/aspanide.org\/contacte\" target=\"_self\" data-cp-link=\"1\" data-icon=\"\" rel=\"noopener\">Contacte<\/a><\/div> <\/div><\/div> <div  class=\"section-separator-bottom\">\n    <svg  class=\"section-separator-bottom\" data-separator-name=\"triangle-asymmetrical-negative\" preserveAspectRatio=\"none\" viewBox=\"0 0 1000 100\" xmlns=\"http:\/\/www.w3.org\/2000\/svg\">\n        <path  class=\"svg-white-bg\" d=\"M737.9,94.7L0,0v100h1000V0L737.9,94.7z\"><\/path>\n    <\/svg>\n<\/div><\/div><div  class=\"wp-block-columns\">\n<div  class=\"wp-block-column\"><\/div>\n<div  class=\"wp-block-column\"><\/div>\n<div  class=\"wp-block-column\"><\/div>\n<\/div>","protected":false},"excerpt":{"rendered":"<p>La Fundaci\u00f3 Aspanide La Fundaci\u00f3 ASPANIDE \u00e9s una entitat privada sense \u00e0nim de lucre que gestiona serveis dirigits a fomentar l\u2019assist\u00e8ncia, recuperaci\u00f3 i ensenyament dels nens i adults amb discapacitat intel\u00b7lectual, mitjan\u00e7ant la creaci\u00f3 d\u2019escoles, tallers, resid\u00e8ncies, centres de rehabilitaci\u00f3, i altres serveis necessaris per a aconseguir tal fi. La Fundaci\u00f3 procedeix de la creaci\u00f3&hellip; <br \/> <a class=\"read-more\" href=\"https:\/\/aspanide.org\/index.php\/projectes-fundacio-aspanide-2024-2025\/\">Leer m\u00e1s<\/a><\/p>\n","protected":false},"author":1,"featured_media":0,"parent":0,"menu_order":0,"comment_status":"closed","ping_status":"closed","template":"","meta":{"footnotes":""},"class_list":["post-2654","page","type-page","status-publish","hentry"],"_links":{"self":[{"href":"https:\/\/aspanide.org\/index.php\/wp-json\/wp\/v2\/pages\/2654"}],"collection":[{"href":"https:\/\/aspanide.org\/index.php\/wp-json\/wp\/v2\/pages"}],"about":[{"href":"https:\/\/aspanide.org\/index.php\/wp-json\/wp\/v2\/types\/page"}],"author":[{"embeddable":true,"href":"https:\/\/aspanide.org\/index.php\/wp-json\/wp\/v2\/users\/1"}],"replies":[{"embeddable":true,"href":"https:\/\/aspanide.org\/index.php\/wp-json\/wp\/v2\/comments?post=2654"}],"version-history":[{"count":130,"href":"https:\/\/aspanide.org\/index.php\/wp-json\/wp\/v2\/pages\/2654\/revisions"}],"predecessor-version":[{"id":4406,"href":"https:\/\/aspanide.org\/index.php\/wp-json\/wp\/v2\/pages\/2654\/revisions\/4406"}],"wp:attachment":[{"href":"https:\/\/aspanide.org\/index.php\/wp-json\/wp\/v2\/media?parent=2654"}],"curies":[{"name":"wp","href":"https:\/\/api.w.org\/{rel}","templated":true}]}}