{"id":76,"date":"2014-01-16T16:15:33","date_gmt":"2014-01-16T15:15:33","guid":{"rendered":""},"modified":"2024-07-17T12:17:27","modified_gmt":"2024-07-17T11:17:27","slug":"serveis","status":"publish","type":"page","link":"https:\/\/aspanide.org\/index.php\/fundacio\/serveis\/","title":{"rendered":"Els nostres centres"},"content":{"rendered":"<p>Aqu\u00ed podreu con\u00e8ixer les diferents categories de serveis que oferim, cada una d&#8217;elles dissenyada per proporcionar atenci\u00f3 i suport a les necessitats espec\u00edfiques de les persones que atenem. Us convidem a explorar cada categoria per entendre millor com treballem i com podem ajudar-vos.<\/p>\n<ul>\n<li><a title=\"Resid\u00e8ncia\" href=\"http:\/\/aspanide.org\/index.php\/fundacio\/serveis\/residencia\/\">Resid\u00e8ncia<\/a><br \/>\nLa nostra Resid\u00e8ncia est\u00e0 pensada per oferir una llar confortable i segura a les persones que necessiten una atenci\u00f3 continuada. Els nostres professionals qualificats proporcionen un ambient acollidor, amb serveis personalitzats per garantir el benestar f\u00edsic i emocional dels residents.<\/li>\n<li><a title=\"C.A.E.\" href=\"http:\/\/aspanide.org\/index.php\/fundacio\/serveis\/c-a-e\/\">C.A.E. (Centre d&#8217;Atenci\u00f3 Especialitzada)<\/a><br \/>\nEl Centre d&#8217;Atenci\u00f3 Especialitzada (C.A.E.) est\u00e0 dedicat a proporcionar serveis i tractaments espec\u00edfics per a persones amb necessitats especials. Treballem amb un equip multidisciplinari per oferir ter\u00e0pies i suport individualitzat, afavorint el desenvolupament personal i la qualitat de vida dels nostres usuaris.<\/li>\n<li><a title=\"Llar-Resid\u00e8ncia\" href=\"http:\/\/aspanide.org\/index.php\/fundacio\/serveis\/llar-residencia\/\">Llar-resid\u00e8ncia<\/a><br \/>\nLa Llar-resid\u00e8ncia \u00e9s una opci\u00f3 ideal per a aquelles persones que busquen un equilibri entre la independ\u00e8ncia i la supervisi\u00f3. Aqu\u00ed, els residents poden gaudir d&#8217;un ambient familiar i alhora tenir acc\u00e9s a serveis de suport diari, afavorint una vida aut\u00f2noma i segura.<\/li>\n<li><a title=\"C.D.I.A.P.\" href=\"http:\/\/aspanide.org\/index.php\/fundacio\/serveis\/c-d-i-a-p\/\">C.D.I.A.P. (Centre de Desenvolupament Infantil i Atenci\u00f3 Preco\u00e7)<\/a><br \/>\nEl Centre de Desenvolupament Infantil i Atenci\u00f3 Preco\u00e7 (C.D.I.A.P.) est\u00e0 especialitzat en l&#8217;atenci\u00f3 i suport a infants amb dificultats en el desenvolupament. Oferim serveis d&#8217;intervenci\u00f3 preco\u00e7, diagn\u00f2stic i tractament, treballant en estreta col\u00b7laboraci\u00f3 amb les fam\u00edlies per assegurar un desenvolupament \u00f2ptim dels infants.<\/li>\n<li><a title=\"Administraci\u00f3\" href=\"http:\/\/aspanide.org\/index.php\/fundacio\/serveis\/administracio\/\">Administraci\u00f3<\/a><br \/>\nEl nostre equip d&#8217;Administraci\u00f3 \u00e9s l&#8217;eix central que coordina i gestiona tots els nostres serveis. Treballen de manera eficient i transparent per assegurar que tots els processos funcionin correctament, facilitant aix\u00ed el bon funcionament dels nostres centres i la satisfacci\u00f3 de les persones que atenem.Aquests s\u00f3n els pilars dels nostres serveis, cadascun d&#8217;ells amb una missi\u00f3 clara: proporcionar atenci\u00f3 de qualitat i suport a totes les persones que confien en nosaltres. Exploreu cada secci\u00f3 per saber m\u00e9s sobre com podem ajudar-vos.<\/li>\n<\/ul>\n","protected":false},"excerpt":{"rendered":"<p>Aqu\u00ed podreu con\u00e8ixer les diferents categories de serveis que oferim, cada una d&#8217;elles dissenyada per proporcionar atenci\u00f3 i suport a les necessitats espec\u00edfiques de les persones que atenem. Us convidem a explorar cada categoria per entendre millor com treballem i com podem ajudar-vos. Resid\u00e8ncia La nostra Resid\u00e8ncia est\u00e0 pensada per oferir una llar confortable i&hellip; <br \/> <a class=\"read-more\" href=\"https:\/\/aspanide.org\/index.php\/fundacio\/serveis\/\">Leer m\u00e1s<\/a><\/p>\n","protected":false},"author":1,"featured_media":0,"parent":7,"menu_order":0,"comment_status":"closed","ping_status":"closed","template":"","meta":{"footnotes":""},"class_list":["post-76","page","type-page","status-publish","hentry"],"_links":{"self":[{"href":"https:\/\/aspanide.org\/index.php\/wp-json\/wp\/v2\/pages\/76"}],"collection":[{"href":"https:\/\/aspanide.org\/index.php\/wp-json\/wp\/v2\/pages"}],"about":[{"href":"https:\/\/aspanide.org\/index.php\/wp-json\/wp\/v2\/types\/page"}],"author":[{"embeddable":true,"href":"https:\/\/aspanide.org\/index.php\/wp-json\/wp\/v2\/users\/1"}],"replies":[{"embeddable":true,"href":"https:\/\/aspanide.org\/index.php\/wp-json\/wp\/v2\/comments?post=76"}],"version-history":[{"count":17,"href":"https:\/\/aspanide.org\/index.php\/wp-json\/wp\/v2\/pages\/76\/revisions"}],"predecessor-version":[{"id":4293,"href":"https:\/\/aspanide.org\/index.php\/wp-json\/wp\/v2\/pages\/76\/revisions\/4293"}],"up":[{"embeddable":true,"href":"https:\/\/aspanide.org\/index.php\/wp-json\/wp\/v2\/pages\/7"}],"wp:attachment":[{"href":"https:\/\/aspanide.org\/index.php\/wp-json\/wp\/v2\/media?parent=76"}],"curies":[{"name":"wp","href":"https:\/\/api.w.org\/{rel}","templated":true}]}}